 u(4).
3
Let j(m) = -m**2 + 4*m - 4. Let q = 60 + -57. Give j(q).
-1
Let i(s) be the first derivative of -5*s**2/2 - 3*s - 2. Determine i(-3).
12
Let b(q) = q**2 - 5. Suppose 0 = 2*g + j - 3, 22 = 3*g + j - 3*j. Calculate b(g).
11
Let m(y) = y**3 + 7*y**2 + 6*y - 5. Let j be 12/(6/(-2)) - 2. Determine m(j).
-5
Suppose 0 = -0*l + 4*l. Let y(i) = -5*i**3 - 6*i - 6. Let z(n) = -n**3 - n. Let v(p) = -y(p) + 6*z(p). Calculate v(l).
6
Let u(d) = -d**2 + 4*d - 6. Let b be (-10)/(-30) + ((-22)/6)/(-1). What is u(b)?
-6
Suppose -6 = -6*r + 3*r. Suppose 2*g = -r*g. Let m(x) = -x + 2. What is m(g)?
2
Let m = -5 + 10. Let o(c) = -1 - c**2 + 8*c + 2*c**2 - 2 - m*c. Give o(-3).
-3
Let x(k) = -k**2 - 6*k + 9. Let v be x(-7). Let a(n) = -4*n - v + 5*n - 2*n. What is a(-4)?
2
Let f be (1 - 5) + 5 + -2. Let h(i) = -3*i**2 + 2*i + 1. Calculate h(f).
-4
Let q(w) = -47*w + 6 - 2 - 50*w + 99*w. What is q(-5)?
-6
Let q(k) = 10*k**2 - 2*k - 2. Let m(r) = r**2 - r - 1. Let o(x) = -2*m(x) + q(x). Let i be 207/(-45) - -5 - (-3)/5. Calculate o(i).
8
Let k(d) = -d**2 - d + 1. Suppose -3*h - 15 = 3*n, 3*h + 7*n + 12 = 5*n. Give k(h).
-1
Let l be (-568)/(-24) + 1/3. Suppose 3*o + 3*p = -p + 41, -2*o = p - l. Suppose 5*y + h = 2*y - 7, 3*y + o = -2*h. Let r(b) = -6*b + 1. Calculate r(y).
7
Let p(o) = 3*o + 22. Let c be p(-10). Let m(d) = 27*d - 11. Let r(h) be the first derivative of 9*h**2 - 7*h + 1. Let g(i) = c*r(i) + 5*m(i). Calculate g(1).
-8
Let u(p) = p**3 - 4*p**2 - 6*p + 3. Let r(y) = y**2 - 6*y - 22. Suppose -14 = -2*a + 4. Let z be r(a). Give u(z).
-2
Suppose k + 3*j = 3*k + 1, -4*k + 5*j = -1. Let u = k + -7. Let s(h) = -h**3 - 3*h**2 + h - 1. Give s(u).
-4
Let x(y) = y - 31 + 32 + 0*y. Let h(w) = 0 + 3 - 4 - w. Let p(o) = 5*h(o) + 4*x(o). What is p(-1)?
0
Let v(g) = g**2 - 5*g - 8. Let y be v(6). Let z(q) = -q**3 - 2*q**2 + 2*q + 2. Let u be z(y). Let d(c) = c**2 + 2*c - 1. What is d(u)?
-1
Suppose w - 26 = -5*i, 10 = 4*i + 3*w - 13. Let o(m) = -i*m**2 + 5 - 4 - m**2. Determine o(-1).
-5
Let z = 8 + -9. Let b(u) be the second derivative of -7*u**4/6 - u**2/2 - 2*u. Determine b(z).
-15
Let a(i) be the second derivative of i**3 + i**2/2 + 8*i. Determine a(-1).
-5
Let c(q) = -q**2 + 1. Let m be ((-6)/(-15))/((-2)/(-10)). Determine c(m).
-3
Let y(w) = -1. Let t(s) = -s - 4. Let a(l) = -2*t(l) + 5*y(l). Calculate a(-4).
-5
Let h(v) be the first derivative of 0*v + v**2 - 1/2*v**4 + 4 + 2/3*v**3. What is h(2)?
-4
Let h be -10*((-5)/(-2) - 51/17). Let g(v) = -v**2 + 5*v - 3. Calculate g(h).
-3
Let u be (-15)/25 - (-28)/(-20). Let t(g) = 5 - 4*g**3 - 2*g**2 - 4 - g + 3*g**3. Give t(u).
3
Let l(n) be the first derivative of -1/2*n**2 - 3 + 3*n + 0*n**3 + 1/4*n**4. Determine l(0).
3
Let i(c) be the first derivative of c**4/4 - 4*c**3/3 - 2*c**2 - 6*c - 6. Give i(5).
-1
Let k(s) = -14*s**3 - s**2 + s - 1. Let x be (9/2)/(51/68). Suppose -x*i + 2*i = -4. Determine k(i).
-15
Let h(f) = 7*f**2 + 9*f - 10. Let l(a) = -20*a**2 - 26*a + 29. Let t(y) = -17*h(y) - 6*l(y). Let b = 0 - -5. Suppose m - 2*m = b. Calculate t(m).
6
Let t(d) = d**3 - d + 10. Let h be 6/18 + (-2)/6. What is t(h)?
10
Let n(w) = -4*w - 12 - 14 + 24. Determine n(3).
-14
Let j(r) be the third derivative of -r**6/60 + r**5/60 + r**4/12 + r**3/6 + 5*r**2. Determine j(-1).
2
Let c be 13/5 + 6/(-10). Let p(h) be the first derivative of -2*h**2 + c + 4*h - 2*h**3 - 1/4*h**4. Determine p(-5).
-1
Suppose 0 = d + 3*d - 3*g - 51, d + 2*g = -1. Let k be 1/(-2)*-2 + -7. Let h = k + d. Let s(p) = p**3 - 2*p**2 - 3*p + 3. Give s(h).
3
Let f(z) = z**3 + z + 4. Let l be f(0). Suppose -l - 2 = 2*s. Let b be -4 + s + (-2)/(-2). Let q(t) = -t - 7. Calculate q(b).
-1
Let w(v) = -4*v**2 - 4 - 4*v + 4 + 5*v**2. Suppose 2*x = -18 + 6. Let u be x/(-15) - (-13)/5. Determine w(u).
-3
Let f(u) = -2*u. Let k(j) = j**3 + 5*j**2 + 3*j - 4. Let n = 1 + -5. Let c be k(n). Suppose -2 = -c*p - p. Calculate f(p).
-4
Let m(v) = -v**2 + 4. Let y(t) = t + 7. Let d be y(-4). What is m(d)?
-5
Let y(z) = -z + 5. Let m(p) = 2*p - 5. Let w(i) = -2*i + 5. Let b(r) = 5*m(r) + 4*w(r). Let q(g) = 2*b(g) + 3*y(g). What is q(-6)?
-1
Let n(d) = -2*d - 2*d + 2*d. Let m be ((-36)/(-16))/(2/16). Let s = 16 - m. What is n(s)?
4
Let a = -2 - -2. Let h(o) = -o - 1. Let q(c) = 3*c + 11. Let n(k) = 4*h(k) + q(k). Determine n(a).
7
Let s = 0 + 0. Let j be -2 - 1 - (s + -2). Let y(i) be the first derivative of -3*i**4/4 + 9. Determine y(j).
3
Let x(p) = -2*p**3 - p + 1. Let a(u) = -u**3 + u + 1. Let h(s) = 3*a(s) - x(s). Give h(-3).
17
Let w be 1/(0 - 1/8). Let p be w/(-28) - (-12)/7. Suppose -2*l - 2 = p*u, 0*l - 5*l + 4 = -4*u. Let g(x) = x**2 - 9. Give g(l).
-9
Let g = 17 - 17. Suppose -4 + 12 = 4*q. Let o(w) = q*w**2 + w**2 - w - 5 - 4*w**2. What is o(g)?
-5
Let q(u) = -u**3 + 5*u**3 - 2*u**3 + u**2. Let y(k) = -k - 6. Let o be y(-9). Suppose -1 = -4*c + o*z, -5*c + 2 = -z - 2. Determine q(c).
3
Let v(u) be the third derivative of -u**5/60 - u**4/12 - 32*u**2. What is v(-2)?
0
Let c = -6 + 9. Let x = c - 4. Let n(b) = -7*b**3 - 2*b**2 - 2*b - 1. What is n(x)?
6
Suppose 0 = 4*b + b + 30. Let f = b + 9. Let x(v) be the third derivative of -v**5/30 + v**4/12 + 2*v**3/3 + 9*v**2. Calculate x(f).
-8
Suppose -j - v = -5, -2*j + 4*v - 13 = j. Let w(m) = 162*m. Let x = -2 - -7. Let z(b) = -17*b. Let f(n) = x*w(n) + 48*z(n). What is f(j)?
-6
Let d(f) = -20*f**3 - f**2. Suppose 6 = -u - 3*g + 4*g, -4*u = 2*g - 6. What is d(u)?
19
Let j = -10 - -13. Let n(v) = 2*v**2 + v - 1. Let o(t) = -t**3 + 2*t**2 + t - 2. Let g(d) = j*n(d) - 2*o(d). Give g(-2).
-9
Let c(f) = -f**2 - 6*f - 9. Let w(r) = -r**2 - 6*r - 10. Let k(y) = -4*c(y) + 3*w(y). Suppose 2*i = -i + 42. Suppose 6 = -5*z - i. Determine k(z).
-2
Let m(n) be the first derivative of n**2 + 2*n - 1. Let p(z) = -2*z**2 - z. Let c be p(1). Calculate m(c).
-4
Let j(m) = m - 1. Let z be j(-4). Let i(w) = -2*w**3 - w**2 + 2*w. Let x be i(-2). Let o = z + x. Let s(p) = -p**3 + 4*p**2 - 3*p + 1. What is s(o)?
1
Suppose 2*v - 21 = v. Suppose 3*w + v = -3*n, -17 = 3*n + w - 0. Let q(j) be the second derivative of -j**3/6 - j. Calculate q(n).
5
Let o(k) be the second derivative of -k**7/840 - 7*k**6/360 - k**5/24 - k**3/2 - 6*k. Let x(g) be the second derivative of o(g). Calculate x(-6).
-6
Let y(o) be the first derivative of o**4/4 + 2*o**3 - 5*o**2/2 - 3*o - 50. Give y(-6).
27
Let s(l) be the third derivative of -1/120*l**6 + 1/3*l**3 + 1/10*l**5 + 0 + 4*l**2 + 0*l - 7/24*l**4. Calculate s(5).
-8
Let n(w) = 6 + 0*w + w - 4. Let d = -26 - -38. Let j = d + -10. What is n(j)?
4
Let r(v) = -v - 2. Let a = 3 + -4. Let n be 18 - (0 - (-1 - a)). Suppose -b + 1 = -2*g - 9, 0 = -5*g - b - n. Give r(g).
2
Let y be (-4)/(-8) - (-5)/2. Let j(d) = 3 + 0 - 3*d**3 + 4*d**y - 2*d - 5*d**2 + d**2. What is j(4)?
-5
Let w(f) be the third derivative of -3*f**2 - 1/120*f**6 + 1/6*f**3 + 0*f + 0 + 1/20*f**5 + 1/6*f**4. What is w(4)?
1
Let s(j) = 9*j + 1. Suppose -4*i - 4 = -3*i. Let h(m) = m**3 + 5*m**2 + 4*m + 1. Let v be h(i). Calculate s(v).
10
Let s(m) = m**2 + m - 2. Let y be s(2). Let i(r) = 11. Let a(o) = o - 12. Let p(f) = y*i(f) + 3*a(f). What is p(-6)?
-10
Let w(p) = -p + 2. Let o(y) = -y**2 - 4*y - 9. Let a be o(5). Let t be (4/(-6))/(9/a). Calculate w(t).
-2
Let b(l) be the second derivative of -l**3/3 + 2*l**2 + l. Suppose -4*z = 5*s + 20, -4*s + z = -0*z + 37. Let g be 55/20 + (-2)/s. Calculate b(g).
-2
Let a(h) be the second derivative of 5*h**4/6 - h**3/3 - h**2/2 + h. Calculate a(-1).
11
Let f(r) = r**2 + 2*r - 1. Let z be -3 + -10 + 2 + 3. Let s = z - -10. Determine f(s).
7
Let k(x) = -2*x**2 - 4*x. Suppose 0 = 3*t - 7 - 2. Let p = 0 - t. Determine k(p).
-6
Let s(n) = -5*n + 0 + 4*n**2 - 69*n**3 + 68*n**3 + 2. Let t(x) = -2*x + 3. Let g be t(0). Give s(g).
-4
Let h(t) = -t - 7*t**2 + 1 - 4*t**3 + 2*t + 3*t**3. Let y be (-14)/(-4)*(1 + -3). What is h(y)?
-6
Let k(v) = -8 - 2 - v - 1 + 3. Let x be 2*-2 + (-2 - -1). Calculate k(x).
-3
Let c(p) = p**3 + 4*p**2 - 5*p - 5. Let f be c(-5). Let n(q) = -q**2 - 6*q - 2. Calculate n(f).
3
Let l(t) be the third derivative of -4*t**2 + 5/24*t**4 + 0 + 1/3*t**3 - 1/120*t**6 - 1/20*t**5 + 0*t. Calculate l(-4).
-2
Let w(j) = 7*j**2 - j + 1. Let b = 9 + -4. Suppose -b*q - 3 = -23. Suppose -q*p + 